by 3228?
3182
Calculate the remainder when 27377 is divided by 26624.
753
What is the remainder when 93346030 is divided by 10371780?
10
Calculate the remainder when 12984246 is divided by 1019.
148
Calculate the remainder when 133340916 is divided by 19.
18
What is the remainder when 4059894 is divided by 12492?
12486
What is the remainder when 5872081 is divided by 2936003?
75
Calculate the remainder when 1959250 is divided by 396.
238
What is the remainder when 783261 is divided by 260976?
333
Calculate the remainder when 207644972 is divided by 264.
260
Calculate the remainder when 65389239 is divided by 1929.
1926
What is the remainder when 21069477 is divided by 543?
534
Calculate the remainder when 823752 is divided by 437.
7
What is the remainder when 676184 is divided by 6271?
5187
Calculate the remainder when 130370 is divided by 130255.
115
Calculate the remainder when 482957 is divided by 1599.
59
Calculate the remainder when 359798 is divided by 29971.
146
Calculate the remainder when 677345 is divided by 676362.
983
What is the remainder when 8044151 is divided by 67?
64
Calculate the remainder when 17738 is divided by 1579.
369
What is the remainder when 23328286 is divided by 493?
19
What is the remainder when 1062722 is divided by 3995?
52
What is the remainder when 199205 is divided by 285?
275
What is the remainder when 361585 is divided by 219?
16
Calculate the remainder when 34815281 is divided by 1671.
1667
Calculate the remainder when 342789 is divided by 1082.
877
Calculate the remainder when 1084649 is divided by 154936.
97
What is the remainder when 6695624 is divided by 11788?
40
Calculate the remainder when 477231239 is divided by 18.
11
Calculate the remainder when 64846817 is divided by 1094.
1061
What is the remainder when 107330 is divided by 6652?
898
Calculate the remainder when 16445914 is divided by 5481959.
37
What is the remainder when 346879 is divided by 115499?
382
What is the remainder when 1645001 is divided by 164495?
51
What is the remainder when 301048 is divided by 437?
392
Calculate the remainder when 5887862 is divided by 2420.
2
Calculate the remainder when 5361745 is divided by 80026.
3
Calculate the remainder when 717505 is divided by 5172.
3769
Calculate the remainder when 1263868 is divided by 57447.
34
What is the remainder when 23726526 is divided by 991?
4
Calculate the remainder when 47325718 is divided by 2638.
2636
Calculate the remainder when 26934 is divided by 6675.
234
Calculate the remainder when 15457031 is divided by 106.
5
What is the remainder when 13579 is divided by 964?
83
What is the remainder when 26402936 is divided by 123?
2
What is the remainder when 8663490 is divided by 1721?
1697
What is the remainder when 76291 is divided by 170?
131
Calculate the remainder when 410748137 is divided by 263.
260
Calculate the remainder when 3073118 is divided by 16.
14
Calculate the remainder when 41336 is divided by 898.
28
What is the remainder when 169580 is divided by 84781?
18
What is the remainder when 2143801 is divided by 33496?
57
What is the remainder when 52871215 is divided by 10574242?
5
What is the remainder when 1125259 is divided by 1148?
219
Calculate the remainder when 25198 is divided by 336.
334
What is the remainder when 252774 is divided by 101?
72
Calculate the remainder when 1332815 is divided by 111061.
83
What is the remainder when 353397 is divided by 55?
22
Calculate the remainder when 18714574 is divided by 3119075.
124
Calculate the remainder when 14106966 is divided by 7053477.
12
What is the remainder when 1622488 is divided by 49?
0
Calculate the remainder when 237438 is divided by 500.
438
What is the remainder when 126995 is divided by 7050?
95
What is the remainder when 194445791 is divided by 18?
17
Calculate the remainder when 3246857 is divided by 11.
9
Calculate the remainder when 473723 is divided by 67209.
3260
Calculate the remainder when 2506188 is divided by 2742.
0
What is the remainder when 299526 is divided by 72685?
8786
Calculate the remainder when 376261566 is divided by 7.
2
Calculate the remainder when 4173968 is divided by 249.
230
What is the remainder when 7392549 is divided by 12?
9
Calculate the remainder when 213188 is divided by 499.
115
Calculate the remainder when 284882 is divided by 585.
572
Calculate the remainder when 4599176 is divided by 84.
8
Calculate the remainder when 396577 is divided by 4427.
2574
Calculate the remainder when 790757 is divided by 197689.
1
Calculate the remainder when 951775 is divided by 478.
77
Calculate the remainder when 39348 is divided by 12375.
2223
Calculate the remainder when 3989683 is divided by 1329724.
511
Calculate the remainder when 1353683 is divided by 2252.
231
Calculate the remainder when 91070783 is divided by 36.
35
What is the remainder when 935125 is divided by 52?
9
What is the remainder when 631941 is divided by 43?
13
Calculate the remainder when 193663 is divided by 193599.
64
Calculate the remainder when 2196512 is divided by 1098244.
24
What is the remainder when 190428 is divided by 1763?
24
What is the remainder when 149397840 is divided by 2197027?
4
What is the remainder when 29273 is divided by 6800?
2073
What is the remainder when 4318266 is divided by 2286?
12
What is the remainder when 5179895 is divided by 151?
142
Calculate the remainder when 10026433 is divided by 5860.
5833
Calculate the remainder when 148488278 is divided by 417.
416
Calculate the remainder when 94545754 is divided by 42.
16
Calculate the remainder when 162051 is divided by 8880.
2211
Calculate the remainder when 404720 is divided by 653.
513
Calculate the remainder when 29796642 is divided by 136.
130
What is the remainder when 2064867188 is divided by 7161?
7160
Calculate the remainder when 23018 is divided by 20473.
2545
What is the remainder when 37622291 is divided by 1186?
1185
Calculate the remainder when 180614 is divided by 75.
14
What is the remainder when 65562 is divided by 21763?
273
What is the remainder when 271554 is divided by 7986?
30
Calculate the remainder when 178364 is divided by 25419.
431
What is the remainder when 67604 is divided by 324?
212
What is the remainder when 1437079 is divided by 266?
147
Calculate the remainder when 17124247 is divided by 65610.
37
Calculate the remainder when 38500157 is divided by 1662.
1589
What is the remainder when 20020762 is divided by 567?
559
What is the remainder when 13412294 is divided by 64?
6
What is the remainder when 184417 is divided by 10819?
494
Calculate the remainder when 249207 is divided by 124294.
619
What is the remainder when 417671 is divided by 2958?
593
What is the remainder when 2196854 is divided by 52305?
44
What is the remainder when 942202 is divided by 10?
2
Calculate the remainder when 292626 is divided by 1683.
1467
What is the remainder when 480985 is divided by 807?
13
What is the remainder when 8111944 is divided by 6579?
37
What is the remainder when 73146 is divided by 73126?
20
Calculate the remainder when 3146508 is divided by 224.
204
Calculate the remainder when 196841 is divided by 12284.
297
Calculate the remainder when 447648 is divided by 223801.
46
Calculate the remainder when 474992 is divided by 474684.
308
Calculate the remainder when 20509 is divided by 6249.
1762
Calculate the remainder when 96495662 is divided by 367.
352
What is the remainder when 8091 is divided by 1492?
631
What is the remainder when 7489 is divided by 1509?
1453
Calculate the remainder when 2286732 is divided by 906.
894
What is the remainder when 441647826 is divided by 2781?
2778
Calculate the remainder when 4493706 is divided by 1690.
1686
Calculate the remainder when 137083018 is divided by 68541502.
14
What is the remainder when 1596069 is divided by 1210?
79
What is the remainder when 7928 is divided by 7704?
224
Calculate the remainder when 750722 is divided by 824.
58
Calculate the remainder when 402865 is divided by 268.
61
Calculate the remainder when 15469504 is divided by 703159.
6
What is the remainder when 1935041 is divided by 174?
161
Calculate the remainder when 364684 is divided by 2663.
2516
Calculate the remainder when 3080079 is divided by 1457.
1438
Calculate the remainder when 